9
List the prime factors of 25267141.
25267141
List the prime factors of 61236293.
71, 862483
What are the prime factors of 43273888?
2, 7, 61, 3167
List the prime factors of 9005179376.
2, 191, 1483, 1987
List the prime factors of 437025174.
2, 3, 53, 139, 9887
What are the prime factors of 825884410?
2, 5, 13, 488689
What are the prime factors of 94983744?
2, 3, 23, 137, 157
What are the prime factors of 120493477?
13, 47, 197207
What are the prime factors of 182832145?
5, 1439, 25411
What are the prime factors of 770369954?
2, 449, 857873
What are the prime factors of 1713126681?
3, 7, 31, 125311
What are the prime factors of 20857490?
2, 5, 797, 2617
List the prime factors of 409231440.
2, 3, 5, 2339
What are the prime factors of 5452292995?
5, 24971, 43669
What are the prime factors of 6095850492?
2, 3, 37, 181, 75853
What are the prime factors of 1379879?
1379879
What are the prime factors of 77216071?
31, 53, 46997
What are the prime factors of 186287671?
67, 2780413
List the prime factors of 73059928.
2, 9132491
What are the prime factors of 51067901?
2029, 25169
List the prime factors of 318451074.
2, 3, 103, 515293
What are the prime factors of 5556385631?
19, 292441349
What are the prime factors of 2467163021?
2467163021
What are the prime factors of 104327245?
5, 11, 31, 43, 1423
List the prime factors of 4281722199.
3, 8527, 55793
What are the prime factors of 97637213?
653, 149521
What are the prime factors of 124153057?
7, 17, 23, 45361
List the prime factors of 42251124.
2, 3, 3520927
List the prime factors of 43507815.
3, 5, 13, 19, 11743
What are the prime factors of 16393673?
353, 46441
List the prime factors of 100501501.
17, 29, 203857
What are the prime factors of 1083372297?
3, 7, 51589157
List the prime factors of 148391949.
3, 49463983
What are the prime factors of 1008882574?
2, 7, 211, 239, 1429
What are the prime factors of 594163334?
2, 297081667
What are the prime factors of 3607628627?
31, 116375117
List the prime factors of 159618557.
7, 983, 23197
What are the prime factors of 2101497?
3, 700499
What are the prime factors of 30125389?
7, 571, 7537
What are the prime factors of 13408906?
2, 7, 787, 1217
What are the prime factors of 160060702?
2, 80030351
What are the prime factors of 1043820908?
2, 13, 751, 26729
List the prime factors of 171097355.
5, 11, 13, 239297
List the prime factors of 378924528.
2, 3, 47, 101, 1663
What are the prime factors of 50579706?
2, 3, 109, 77339
List the prime factors of 247586944.
2, 11, 175843
What are the prime factors of 266061336?
2, 3, 11085889
What are the prime factors of 244505911?
13, 18808147
List the prime factors of 1345392197.
137, 9820381
List the prime factors of 8823364318.
2, 29, 10399, 14629
List the prime factors of 2188060841.
1459, 1499699
What are the prime factors of 2129925?
3, 5, 7, 4057
List the prime factors of 2615216807.
7, 199, 1877399
What are the prime factors of 21450521?
21450521
What are the prime factors of 354633339?
3, 118211113
What are the prime factors of 461020004?
2, 23, 1237, 4051
What are the prime factors of 148619168?
2, 17, 229, 1193
List the prime factors of 5096222403.
3, 29, 2539, 23071
List the prime factors of 709146471.
3, 11, 21489287
List the prime factors of 339932002.
2, 19, 8945579
List the prime factors of 516182522.
2, 173, 1031, 1447
What are the prime factors of 819106564?
2, 204776641
List the prime factors of 621750165.
3, 5, 41450011
List the prime factors of 2872817703.
3, 7, 257, 177433
List the prime factors of 3048058418.
2, 17, 911, 98407
List the prime factors of 124245195.
3, 5, 23, 113, 3187
List the prime factors of 650060712.
2, 3, 7, 1289803
What are the prime factors of 87035302?
2, 607, 71693
List the prime factors of 1229968177.
307, 4006411
What are the prime factors of 2191653695?
5, 7, 11, 877, 6491
What are the prime factors of 51410783?
167, 211, 1459
List the prime factors of 273729962.
2, 11, 12442271
List the prime factors of 332812844.
2, 7, 13, 914321
What are the prime factors of 19309245?
3, 5, 47, 61, 449
List the prime factors of 1941169095.
3, 5, 43137091
List the prime factors of 343278695.
5, 68655739
List the prime factors of 20732133.
3, 163, 42397
List the prime factors of 802262537.
53, 337, 44917
List the prime factors of 846765274.
2, 17, 113, 433, 509
What are the prime factors of 933027687?
3, 277, 124753
List the prime factors of 54778935.
3, 5, 3651929
List the prime factors of 3350471893.
23, 43, 241, 14057
What are the prime factors of 2115459743?
173, 12228091
What are the prime factors of 599614463?
7, 17, 41, 59, 2083
List the prime factors of 6738840.
2, 3, 5, 18719
What are the prime factors of 56294417?
56294417
List the prime factors of 5764607684.
2, 11, 131013811
List the prime factors of 17941656.
2, 3, 23, 32503
What are the prime factors of 4787569864?
2, 7, 11, 29, 283, 947
What are the prime factors of 125720224?
2, 7, 561251
What are the prime factors of 1123257911?
43, 26122277
List the prime factors of 73403162.
2, 7, 5243083
List the prime factors of 61780259.
61780259
List the prime factors of 2261084224.
2, 7, 373, 1933
List the prime factors of 1348549153.
7, 1327, 145177
What are the prime factors of 44208197?
11, 365357
What are the prime factors of 952276?
2, 13, 18313
List the prime factors of 29567014.
2, 79, 187133
What are the prime factors of 51343012?
2, 7, 1833679
List the prime factors of 2980341063.
3, 7, 163, 5923
What are the prime factors of 442097375?
5, 23, 367, 419
What are the prime factors of 25895909?
13, 1991993
List the prime factors of 6617835219.
3, 7043, 313211
What are the prime factors of 417401107?
37, 83, 199, 683
List the prime factors of 211085774.
2, 97, 1088071
List the prime factors of 3080326205.
5, 11, 29, 1931239
What are the prime factors of 211421307?
3, 257, 443, 619
List the prime factors of 964019089.
11, 491, 178489
What are the prime factors of 5816960756?
2, 1454240189
What are the prime factors of 1107952643?
7, 19, 79, 105449
What are the prime factors of 176512488?
2, 3, 23, 13903
What are the prime factors of 53672879?
13, 317591
What are the prime factors of 19060834?
2, 13, 56393
List the prime factors of 958277546.
2, 887, 540179
What are the prime factors of 54271535?
5, 10854307
List the prime factors of 6460224.
2, 3, 33647
What are the prime factors of 507154508?
2, 7, 23, 112501
What are the prime factors of 49501501?
7, 17, 415979
What are the prime factors of 221122369?
13, 89, 383, 499
List the prime factors of 46230803.
17, 2719459
What are the prime factors of 25683182?
2, 7, 1834513
List the prime factors of 354366838.
2, 7, 563, 44959
What are the prime factors of 637052995?
5, 19, 6705821
What are the prime factors of 85691213?
85691213
What are the prime factors of 2130908489?
127, 3851, 4357
List the prime factors of 246206162.
2, 123103081
List the prime factors of 128915688.
2, 3, 11, 488317
What are the prime factors of 938095539?
3, 41, 7626793
List the prime factors of 448469459.
2113, 212243
List the prime factors of 1641835643.
7, 53, 4425433
What are the prime factors of 447358713?
3, 43, 433, 8009
What are the prime factors of 101754351?
3, 11306039
What are the prime factors of 242081870?
2, 5, 17, 73, 19507
List the prime factors of 2615057697.
3, 7, 124526557
List the prime factors of 631909120.
2, 5, 103, 4793
List the prime factors of 1465912253.
13, 8674037
List the prime factors of 100249114.
2, 7, 29, 246919
List the prime factors of 751714452.
2, 3, 29, 240011
List the prime factors of 4468497589.
61637, 72497
List the prime factors of 155466433.
155466433
What are the prime factors of 28121976?
2, 3, 19, 61, 337
What are the prime factors of 1334841526?
2, 37, 307, 58757
List the prime factors of 19526284.
2, 277, 17623
List the prime factors of 816946705.
5, 19, 8599439
What are the prime factors of 211074833?
211074833
List the prime factors of 361691946.
2, 3, 7, 11, 37, 2351
List the prime factors of 34977105.
3, 5, 777269
What are the prime factors of 5393501?
101, 53401
What are the prime factors of 41740400?
2, 5, 13, 23, 349
List the prime factors of 266716780.
2, 5, 11, 479, 2531
List the prime factors of 254988538.
2, 7, 43, 467, 907
List the prime 